 - 153. Let b be h(2). Let z = b - -3090. List the prime factors of z.
1321
Suppose -5*r - 767 = -4*z, 4*r = 6*z - 7*z + 197. Let l = 587 - z. List the prime factors of l.
2, 197
Suppose -5*s + k = -113 + 116, 4*s - 2*k = 0. Let l(q) = -14*q**3 + q**2 + q. Let x be l(-1). What are the prime factors of s*11/4*(-62 + x)?
2, 3, 11
Let z be (-30)/(((-2)/6 + -1)/6). Suppose 5*p - i + z = -154, 177 = -3*p - 3*i. Let x = p - -109. List the prime factors of x.
3, 17
Let m be (-508)/6*3/(-2). Suppose 0 = -3587*q + 3583*q + 352. Let s = m - q. List the prime factors of s.
3, 13
Let b(g) = 577*g**2 - 22*g - 8. What are the prime factors of b(-2)?
2, 293
Let g be (-12)/20 + 183/5. Suppose -14*m = -g*m + 11330. List the prime factors of m.
5, 103
Suppose -3*b = 18, -5*d - 52*b + 56*b + 72669 = 0. List the prime factors of d.
3, 29, 167
Let w(p) = -p**2 + 21*p - 83. Let v(c) = -c - 1. Let h(a) = 4*v(a) - w(a). What are the prime factors of h(24)?
5, 11
Suppose -3*a - 6 = n, -a = -3*n - 3 - 5. What are the prime factors of 210*((-25)/(-10) + a)?
3, 5, 7
Suppose -61*s = -154538 - 24985. What are the prime factors of s?
3, 109
Let t(r) = 23*r**2 + 7*r - 51. Let n be t(7). Let d = n + -606. List the prime factors of d.
3, 173
Let n(k) = -16*k + 72*k - 36 + 4*k. What are the prime factors of n(3)?
2, 3
Suppose 27*y + 29 = -862. Let f = 178 + y. What are the prime factors of f?
5, 29
Suppose 30*c + 52942 + 40074 = 74*c. List the prime factors of c.
2, 7, 151
List the prime factors of ((-48)/108 - 207759/(-108))/((-5)/(-20)).
7, 157
Let x = 8 - 5. Suppose -x*d + 11*d = 24. Suppose -5*a - d*i + 226 = 0, 5*a = -5*i - 105 + 335. What are the prime factors of a?
2, 11
Let o be 4/(-10) + (-189)/(-35). Suppose 5*v + n - 446 = 252, 0 = o*n + 10. What are the prime factors of v*(2/(-5))/((-16)/30)?
3, 5, 7
Let s(f) = 99*f - 66. Let v be s(-3). Let j = v + 709. What are the prime factors of j?
2, 173
Let v(n) = 164*n**2 - 2*n - 4. Let i be v(-2). Suppose i = -6*c + 7*c. What are the prime factors of (-4)/3 + c/6?
2, 3
Let y(j) = 5408*j + 320. What are the prime factors of y(2)?
2, 3, 29
Suppose -w + 18*w - 61761 = 40562. List the prime factors of w.
13, 463
What are the prime factors of 30165/18*-6*(-17 - -16)?
5, 2011
List the prime factors of (-63658080)/(-2640) + (-24)/(-22).
2, 3, 4019
Let m(s) = 79*s**2 + 33*s + 4. What are the prime factors of m(-5)?
2, 907
Suppose -4*w - 47 - 4 = 3*l, -l = -3*w - 22. Let i(z) = -88*z - 28. What are the prime factors of i(w)?
2, 191
Let h(w) = -43*w + 15. Let i be (-4)/(-9) - (-2057)/(-153). Let c be h(i). Suppose 902 + c = 6*n. What are the prime factors of n?
2, 3, 41
Let h(l) = 16*l**2 - 3*l + 2. Let p be h(1). Suppose -3*v - p*v = -378. Suppose -10*n - 242 = -v*n. List the prime factors of n.
2, 11
Let q(g) = 90*g**2 - 222*g + 5698. List the prime factors of q(23).
2, 7, 11, 313
Suppose 4*l - 940 = -0*d - d, -3*d = 2*l - 480. Suppose 9*k = 15*k - l. Suppose -5*w + 66 = -k. What are the prime factors of w?
3, 7
Suppose 5942614 + 255614 = 200*i + 61*i. What are the prime factors of i?
2, 3, 1979
Suppose 33*k - 92495 - 291070 = 12*k. What are the prime factors of k?
5, 13, 281
Let f(o) = -o**3 - 12*o**2 - 16*o + 53. Let l be f(-18). Suppose 0 = 12*w - 1099 - l. List the prime factors of w.
2, 3, 47
Let i(v) = -2*v**2 + 16*v + 18. Let g be i(9). Suppose g*z - z + 58 = 0. Suppose -p = -z + 6. What are the prime factors of p?
2, 13
Let w = -354 - -358. Suppose -c + 2*c - 1686 = -5*d, -4*d + 1352 = w*c. What are the prime factors of d?
337
Suppose -3*o + 2*o = -398. Suppose -h = -3*h + o. Let m = -104 + h. What are the prime factors of m?
5, 19
Suppose -29*x - 38 = -10*x. List the prime factors of (-12 - 1/(-1))*152/x.
2, 11, 19
Let s(q) = 166*q + 164. Suppose 5 = d + 2*l, 8*l = 4*d + 10*l - 32. List the prime factors of s(d).
2, 829
Let k be ((-5034)/1)/(-3*(-6)/(-9)). Let p = -1634 + k. What are the prime factors of p?
883
Suppose -201*d + 18659550 = 55*d + 94*d. List the prime factors of d.
3, 13, 1367
Let r(m) = -m**2 - 89*m - 704. Let o be r(-11). Let g be 10/(-6) - 1/3. List the prime factors of o/(-14)*(-2)/((-4)/g).
11
Let o(k) = -9*k + 14*k + 4*k + 3 - k**2. Let s be o(9). Let u(d) = 5*d**2 + 2*d - 7. List the prime factors of u(s).
2, 11
Let u(v) = v**2 - 13*v - 55. Let w be u(17). Suppose -w*l + 10208 - 3565 = 0. List the prime factors of l.
7, 73
Let i = -390 + 936. Let x = 718 - i. List the prime factors of x.
2, 43
Let h(a) = -2*a**3 + 8*a + 1. Suppose -2*d - 10 = 0, -22 = v + v + 2*d. Let z be h(v). Suppose 5*p + 0*p - z = 0. List the prime factors of p.
7, 11
Let a(k) = -114*k**2 + 8*k + 4. Let j be a(3). Let n = 1420 + j. What are the prime factors of n?
2, 211
Suppose 0 = -3*o - 5*c + 329, 4*o - 5*c + 3*c = 404. Suppose -n + o = -5*p, -3*n + 42 + 216 = 2*p. Let k = -50 + n. List the prime factors of k.
2, 19
Let n be -10 + 27566/14 + (0 - -1). Suppose 0 = -3*t + n - 283. List the prime factors of t.
13, 43
Let n(o) = -2*o**3 + 34*o**2 + 632*o + 61. What are the prime factors of n(-30)?
65701
Let g(a) = -789*a**3 + 42*a**2 + 88*a + 5. What are the prime factors of g(-2)?
3, 701
Let j(p) = p**2 + 7*p + 3. Let r be j(-7). Suppose 4*b - 381 = -r*z + 254, -3*b + 15 = 0. List the prime factors of z.
5, 41
Let f = -84 - -100. Let y be 1 + -3 + f/2 - 1. Suppose -4*v = -9*v + 4*l + 625, 0 = 3*v - y*l - 388. What are the prime factors of v?
11
Suppose 5*b - 49077 = -2*p + 23439, 0 = -5*b + p + 72537. List the prime factors of b.
2, 7253
Suppose 21*x - 26*x = -10. Suppose x*n + 34 - 192 = 0. What are the prime factors of n?
79
Let v be ((-9)/3)/((-6)/(-1436)). Let m = -476 - v. Suppose 4*y - m = 18. List the prime factors of y.
5, 13
Suppose 0 = 32*v - 19*v - 65. Suppose -717 - 583 = -v*n. List the prime factors of n.
2, 5, 13
Suppose -11751 = -y + 468. Suppose 0 = 32*b - y - 4709. What are the prime factors of b?
23
Let c(t) = 9*t - 72. Let k be c(8). Suppose k + 3 = w. Suppose a - i - 135 = -3*i, -4*a = -w*i - 540. List the prime factors of a.
3, 5
Let p(w) = 5*w**2 - 71*w + 1. Let l(q) = -16*q**2 + 217*q - 4. Let t(f) = -3*l(f) - 8*p(f). List the prime factors of t(18).
2, 19, 29
Let c(q) = 2*q**3 + 88*q**2 + 56*q + 17. List the prime factors of c(-40).
7, 1511
Let i(l) = -l**3 - 2*l**2 + 6*l + 7. Let q be i(3). List the prime factors of -7*(-24)/q*(1 + -21).
2, 3, 7
Let d(n) = -14*n**2 + 20*n - 52*n - 10 + 27*n. Let z be d(-5). Let v = z - -506. What are the prime factors of v?
3, 19
Suppose 0 = 3*y + y + 2*j - 82, 77 = 4*y - 3*j. Let n = 55 - 56. What are the prime factors of 5*n*(-1 - (-12)/y)?
2
Let z = -2606 - -4064. List the prime factors of z.
2, 3
Let u = -3564 + 5190. What are the prime factors of u?
2, 3, 271
Suppose 2*m + 2*m - 5*a = -44, -4*m = -4*a + 44. Let z(l) = -3*l**2 - 8*l - 3. Let d be z(m). Let b = -184 - d. What are the prime factors of b?
2, 47
Let v(t) = -9*t + 135. Let l be v(15). Suppose l = 22*g - 9*g - 7436. List the prime factors of g.
2, 11, 13
What are the prime factors of -6 - (9770/6 + -8)/((-2)/6)?
5, 971
Let k(p) = -545*p + 138. What are the prime factors of k(-11)?
6133
Let h be -4 + 1 + (1521 - 4). Suppose -3*l + h = -508. What are the prime factors of l?
2, 337
Suppose 7*v - 5*v + 3*h = 0, 0 = v + 2*h. Suppose v*o + 5*o = 775. List the prime factors of o.
5, 31
Let x(b) = 15*b**2 + b**3 + 0*b**2 - 3*b**2 + 5*b + 20 + 0. Let g be x(-9). Suppose 3*r - 67 = g. What are the prime factors of r?
5, 19
Let y = 15691 + -9864. List the prime factors of y.
5827
Let x = -108 - -101. Let u(i) = 2*i**2 - 3*i - 5. List the prime factors of u(x).
2, 3, 19
Suppose 3*c - 46 = 5*c. Let u = c - -26. Suppose 3 = o - 3*z - 21, -u*z = 5*o - 102. What are the prime factors of o?
3, 7
What are the prime factors of (-2 + 0)/((-34 - -25) + (-597724)/(-66414))?
2, 3, 11069
Let p = -6282 - -9295. List the prime factors of p.
23, 131
Suppose 18*y = 3*y - 60. Let x be -2 + 21 + y - 2. Suppose -464 = -17*u + x*u. List the prime factors of u.
2, 29
Suppose 4*l + 11*l - 46755 = 0. What are the prime factors of l?
3, 1039
Let x be (44/(-16) - -3)*92. Suppose x = 3*s + 8. Suppose -s*v - 111 = -596. List the prime factors of v.
97
Let d be 1/(((-4)/168)/(-1)) - -3. Suppose -54 = -f + d. List the prime factors of f.
3, 1